100 - 56. What is the greatest common divisor of u and 4?
4
Let h(a) = 21*a**2 - a + 2. Let n be h(-2). Let f = 22 + -11. Calculate the highest common divisor of f and n.
11
Suppose -3*u + 4*q = -42 - 1, q + 15 = u. Let y = u + -10. What is the highest common factor of 7 and y?
7
Let p = -7 - -10. Calculate the greatest common divisor of p and 27.
3
Suppose j + 9 = 43. Calculate the highest common factor of 34 and j.
34
Let l(s) = -2*s**2 + 2. Let x be l(2). Let z(j) = j**2 + j + 2. Let f be z(x). Suppose y + f = 3*y. Calculate the highest common divisor of 176 and y.
16
Suppose 83 - 23 = 5*c. Suppose -6*a + 11*a = 0. Suppose 5*d - 22 - 8 = a. What is the greatest common factor of c and d?
6
Let a be (2 - 1) + (0 - -2). Suppose 5*r + 14 = i, -3*r = -a*i - 6*r + 6. Suppose -2*y + 4 = -i. Calculate the highest common factor of 28 and y.
4
Suppose 4*v + 3*v = 147. Calculate the greatest common factor of v and 3.
3
Let i(w) = -w**3 - 3*w**2 + 4. Let p be i(-6). Calculate the highest common factor of 16 and p.
16
Let g be (11 + -3)/((-8)/(-12)). What is the highest common divisor of g and 18?
6
Let d be ((-1)/(-1)*-1)/1. Let k(a) = a**2 - 2*a - 1. Let w be k(d). What is the highest common factor of 2 and w?
2
Let v(d) be the first derivative of d**3/3 + 5*d**2/2 + d + 3. Let c be v(-6). What is the highest common divisor of c and 35?
7
Let p be (-3)/(-2)*(-704)/(-96). Let h be 33*(2/6 + 0). Calculate the greatest common divisor of h and p.
11
Suppose 3*c + n - 727 = 0, -5*n - 75 = 2*c - 564. Calculate the highest common factor of 22 and c.
22
Let b(v) = 10*v + 8. Let y be b(6). Suppose -2*x + y = 4*u, 0*x + 49 = 3*u + x. What is the highest common divisor of 15 and u?
15
Let v(y) = y**2 + 4*y + 3. Let l be v(-4). Let d be (-2 + 4)/(6/33). Let p = l + d. Calculate the greatest common factor of p and 14.
14
Let j(r) = r**3 - 6*r**2 + 3. Let w be j(6). Let b be 8/w + (-1)/(-3). Suppose 7 = l - i, -b*i = -l - 0*l + 17. Calculate the highest common divisor of l and 1.
1
Let n = -2 + 7. Let b = 52 - 27. What is the highest common factor of b and n?
5
Let c(d) = -d - 5. Let q be c(-11). Suppose -l = -q*l + 1070. Suppose -218 = -3*m + l. Calculate the highest common factor of 18 and m.
18
Suppose s + 8 = 19. What is the greatest common factor of 11 and s?
11
Let m = -33 - -58. Let q = -10 - -20. Suppose -8*r + 6*r = -q. What is the greatest common divisor of r and m?
5
Suppose 2*f - 20 = -2*f + 4*a, 3*a = 2*f - 14. Calculate the greatest common divisor of f and 1.
1
Let w(n) = n**3 + 8*n**2 - 8*n - 8. Let s be w(-8). Let a = -142 + 156. What is the greatest common factor of s and a?
14
Suppose 6*n - 3*n = 24. Suppose 2*r + 1024 = 6*r. Suppose 16 = 4*q, r = -p + 4*p - 2*q. What is the greatest common divisor of n and p?
8
Let g(o) = -o**3 + 14*o**2 - 17*o - 36. Let n be g(9). What is the greatest common divisor of 24 and n?
24
Let q = 0 + 6. Let c be -3 - -4*(-27)/q. Let n = c - -93. What is the highest common divisor of 9 and n?
9
Suppose -9*m = 6*m - 3045. What is the highest common divisor of 29 and m?
29
Let u(o) = -o**3 + 2*o**2 - 3*o - 3. Let x(d) = -d**2 - 4*d - 2. Let t be x(-4). Let r be u(t). Calculate the greatest common factor of r and 19.
19
Suppose -3*m = 0, 0*r - 3*r = -4*m - 6. Calculate the greatest common factor of r and 5.
1
Let r = -11 - -17. Suppose d + r = 2*a, -a + 5*d = d + 4. Let c = 18 + a. Calculate the highest common factor of c and 22.
22
Suppose -s + 5*q = 23, 4*q - 12 = 4*s - 0*s. Suppose -2*r - 28 = s*r. Let h = r + 12. What is the highest common factor of 2 and h?
1
Let k = 18 - 13. Suppose 5*w + 16 = 4*l + 2*w, -k*l - 2*w = 3. Let x be (-301)/(-4) - l/4. Calculate the highest common divisor of 15 and x.
15
Suppose 170 = -5*y - 255. Let t = -51 - y. Calculate the highest common factor of t and 85.
17
Let x(y) = y**2 + y + 3. Let h be x(-4). Let d be (1 + 1)/((-2)/(-4)). Suppose -d*g = -9*g + 825. What is the greatest common factor of g and h?
15
Suppose 60 = 5*l + 3*g + 2*g, -2*l = -5*g - 59. Suppose 3 = -t + 9. Let x be (-3)/(t/4) + 87. What is the highest common factor of l and x?
17
Let c = 4 - -30. What is the greatest common factor of 34 and c?
34
Let l be 21/((-2)/(-32)*6). Let b(w) = w - 5. Let u be b(5). Let x be (u - 7)/(-2 - -1). Calculate the greatest common divisor of l and x.
7
Suppose -y - 5 = -2*j, -2*y - 5 = j - 5*y. Let n = 7 - 3. Calculate the greatest common divisor of j and n.
4
Suppose 0 = 2*y + 8, -3*y + 84 = -4*b + 8*b. Let r = b + -5. Let m = 35 - 16. What is the highest common factor of r and m?
19
Let m(s) = s**3 + s + 26. Let k = -9 - -9. Let h be m(k). What is the highest common factor of h and 65?
13
Suppose -h + 921 = 2*h. Suppose 5*t - h - 143 = 0. What is the highest common factor of t and 18?
18
Let s(i) = 2*i**2 + 8*i - 22. Let g be s(-7). What is the greatest common divisor of g and 16?
4
Let w(y) = 3*y - 1. Suppose -13 = -0*o - 5*o + 2*f, 3*o + 1 = -f. Let x be w(o). Let p be -1*(16 + x)*-1. What is the greatest common factor of p and 2?
2
Suppose n - 5*a - 70 = 0, 4*n - 316 = -0*a + 2*a. What is the highest common divisor of n and 10?
10
Let g(k) = -6*k. Let i be 2/((-3)/(-6) + -1). Let n be g(i). Let m = 19 - 13. Calculate the greatest common factor of n and m.
6
Suppose -2*p = -l, -4*l - p + 8 + 1 = 0. Let b be (-1 + 1)/(l + 1). Suppose 2*q - q + 3 = b, -10 = -4*i + 2*q. What is the highest common divisor of 1 and i?
1
Let k(n) = 4*n - 4. Let d be k(6). Let v = 103 + -99. Calculate the highest common divisor of v and d.
4
Let z = -55 - -68. What is the greatest common divisor of 13 and z?
13
Suppose 2*o = -2*y + 24, -5*y + 28 = -3*o - 0*o. Let z be 12/(-8)*(-80)/6. Suppose 0 = 5*h - 0 - z. Calculate the greatest common divisor of h and y.
4
Suppose 3*h + 30 = 111. Suppose 12 + 69 = 3*m. Calculate the greatest common divisor of h and m.
27
Let s(r) = r**3 + 12*r**2 + 7*r - 6. Suppose -6*f + 2*f - 26 = 3*c, 3*f - 18 = 4*c. Let u be s(c). Calculate the greatest common divisor of 21 and u.
21
Let s(g) = -g**2 + 35*g - 52. Let z be s(15). Calculate the highest common factor of z and 31.
31
Let i = -91 + 129. What is the highest common factor of 152 and i?
38
Let m(n) be the first derivative of -6*n**2 - 3. Let k be m(-5). What is the greatest common divisor of k and 12?
12
Suppose -3*x - 73 = -g, g + 5*x = 20 + 29. Calculate the highest common divisor of g and 160.
32
Let y = 41 + -27. Calculate the greatest common factor of y and 112.
14
Let y be -2*((2 - -1) + -7). What is the highest common divisor of 8 and y?
8
Let b(c) = 3*c - 14. Let h be b(10). What is the highest common divisor of h and 144?
16
Let i(c) = 5*c**2 - 2*c - 2. Let b be i(-4). Suppose 5*f - b = 3*f + 2*a, 4*f - 170 = 5*a. What is the greatest common divisor of 9 and f?
9
Suppose 8*b = 11*b - 12. Calculate the greatest common factor of b and 36.
4
Let q(c) = -24*c**3 + c**2 - c - 2*c**3 + 0*c - c. Let b be q(-2). Calculate the greatest common factor of 24 and b.
24
Let u(w) = -2*w - 2. Let d be u(-10). What is the highest common factor of 12 and d?
6
Suppose 2*q - 16 = 14. Suppose 2*p - p - q = 0. What is the highest common factor of 45 and p?
15
Let w(v) = v + 22. Let m be w(-12). Let i(p) = 9*p + 8 - 2*p**2 + p**3 + p - 9*p**2. Let r be i(m). Calculate the greatest common divisor of 8 and r.
8
Let d(x) = -4*x - 29. Let j be d(-10). What is the greatest common factor of 11 and j?
11
Suppose -u = -4*t + 16, -5*t + 2*u = 4*u - 20. Suppose 5*o = -4*m + 103, -4*o = -0*m + t*m - 84. Calculate the greatest common factor of o and 133.
19
Let w be 9/3*44/6. What is the greatest common divisor of 44 and w?
22
Suppose 7*j - 220 = 5*j. Calculate the greatest common factor of 22 and j.
22
Let q(z) = 2*z - 5. Let m be q(12). What is the highest common factor of m and 209?
19
Let y(d) = -d**3 - 8*d**2 - 8*d + 6. Let l be y(-6). Let k = l + 38. Suppose 0*v + k = v. What is the greatest common factor of v and 20?
20
Let a be (-2)/(-3) - (-76)/12. Suppose 0 = 4*r - 7*r + 21. Calculate the greatest common divisor of r and a.
7
Let b = 63 - 37. Let t = b + -11. What is the highest common divisor of t and 105?
15
Let a = -29 - -66. Calculate the greatest common divisor of a and 111.
37
Let u = -11 - -15. What is the greatest common fact